+ 368. Is s a prime number?
False
Let s(m) = -m + 7*m + 14*m - 5. Is s(5) composite?
True
Let w(o) = o - 1. Let j be w(-5). Let u(q) = -7 + 2 + q**2 - 2*q + 2*q. Is u(j) a composite number?
False
Let r be (-52)/(-14) + (-6)/(-21). Suppose -2*p + r*p = -72. Let o = p + 50. Is o a prime number?
False
Suppose 29 + 5 = 2*s. Suppose 4*b - s = 3*a, -a + 5 = 5*b - 2. Is 86 - (-5 - a) - -3 a composite number?
True
Is 289 + -1*(3 - 1) composite?
True
Let n(m) be the second derivative of 37*m**3 + 3*m**2/2 - m. Let s be n(3). Let d = s + -362. Is d a prime number?
True
Suppose 2*w + 2*m - 538 - 2554 = 0, -w + 1526 = -3*m. Is w a prime number?
False
Suppose q + 19 - 85 = 0. Suppose 0 = 2*u - 10 - 12. Let v = q - u. Is v prime?
False
Let f(x) = x**3 - x - 2. Let p be f(2). Suppose 313 = p*y - 315. Is y prime?
True
Suppose r - 6*r - 3*a + 7721 = 0, -3*r - 5*a = -4639. Is r composite?
False
Is (-2 - (-21)/6)*3544/12 prime?
True
Suppose 5*m - 3*l - 16 = 0, 0*l + 4 = 5*m + 3*l. Suppose -5*r - b - 5 = -6*b, -5*r = -b - 11. Suppose -107 = -2*t - r*z, -3*t + m*z + 166 = z. Is t composite?
True
Is 477/2*18/27 a prime number?
False
Suppose -3*g - 1 = -5*k - 0*g, -4*g = 4*k - 20. Suppose k*l - 1117 = 323. Suppose d + 430 = 3*v, 2*v - 5*d = -3*v + l. Is v prime?
False
Suppose -9*y + 4*y = -10. Suppose j - 42 + 4 = -y*c, c + 5*j = 19. Is c prime?
True
Suppose 0 = -2*o + 6*o - 316. Is o composite?
False
Suppose -6*i - 1405 = -11*i. Let m = 180 - i. Let g = m + 212. Is g a prime number?
False
Let m be (6/2 - 2)*2. Is ((-31)/m)/((-2)/4) composite?
False
Let v = 12 + -2. Suppose m = -4*a + 14, 4*a - v = -4*m + m. Is a/(-14) - 2006/(-14) prime?
False
Suppose -1 = -3*t + 5. Let s = 3 + t. Suppose s*z + 2*y - 94 = 255, -56 = -z - 5*y. Is z a composite number?
False
Let v be 2 - (-1 - 0) - -3. Suppose 8 + v = y. Is y composite?
True
Suppose -g - 2*g + 2*m + 1487 = 0, 5*g - 3*m - 2480 = 0. Is g a prime number?
True
Suppose -h - 10 = 3*w - 140, 5*w - 220 = -5*h. Is w composite?
False
Suppose -5*v = v - 18978. Is v a prime number?
True
Suppose -4*q - 626 = -0*w - 2*w, 4*q = 4*w - 1240. Is w prime?
True
Let w = -2 - -4. Let n = 4 - 5. Is 128 + (n - 1)/w prime?
True
Let g = 2 - 6. Is (-726)/(-8) - 1/g a prime number?
False
Suppose n + 4*t = 4*n - 8, -11 = -2*n - 3*t. Let s(a) = -a - 1. Let r be s(-3). Suppose -n*w + 5*m + 303 = 0, r*w - 159 = m - 6*m. Is w composite?
True
Is ((-5)/1)/(7/(-21)) a composite number?
True
Suppose 1 = -2*u + 5. Suppose -4*f = -u*f - 22. Is f composite?
False
Let n(d) = -2*d**3 - 2*d**2 + d. Suppose 0 = 3*z + 2*z - 5. Let u be n(z). Is 5 - u - 1/1 a prime number?
True
Suppose 4*t + 302 = 2*y, 5*t + 687 - 237 = 3*y. Is y prime?
False
Is 17205/10 - (2 - 0)/(-4) a prime number?
True
Let j be (-3 - -2)/(3/(-15)). Suppose -2*w - 55 = -j*o, 2*o - 29 - 2 = -w. Is o composite?
False
Let g be (-2 - (-2)/1) + 95. Suppose g = 4*q - 2*s + 7*s, 5*s = 2*q - 55. Is q composite?
True
Let v = 6415 - 4539. Is v/(-8)*-2 - 0 prime?
False
Let u(p) = -p**3 - 7*p**2 + 2*p + 2. Is u(-9) composite?
True
Let s = 19 + -10. Let p = -8 + s. Let d(n) = 34*n**2 + n. Is d(p) prime?
False
Let v = -9 - -6. Let z = 7 - v. Is z prime?
False
Let p(f) = -21*f - 4. Let a(t) = 41*t + 8. Let k(x) = -4*a(x) - 9*p(x). Is k(10) prime?
False
Is 1/(-4) + (253044/16)/9 a composite number?
True
Let n(v) be the second derivative of 37*v**4/4 - v**3/3 - v**2/2 + 7*v. Is n(-2) prime?
False
Let f(h) = -h**3 + 12*h**2 + 15*h + 12. Let t(b) = b**2 + 4. Let p be t(3). Is f(p) prime?
False
Let s(x) = -4 - x**3 + x**3 - 2*x**2 + 4*x + 5*x**3 + 3. Let j(v) = -4*v**3 + 3*v**2 - 5*v + 1. Let k(z) = -4*j(z) - 3*s(z). Is k(6) a prime number?
True
Let g(h) = h**3 - 12*h**2 + h - 9. Let q be g(12). Is (1/q)/(3/189) a prime number?
False
Let g(u) = 5 + 3*u - 6 + 5*u - 2*u. Let r(c) = c**2 - 3*c - 4. Let y be r(5). Is g(y) a prime number?
False
Suppose -4*l = -3*l - 4. Suppose -l*m = -307 - 73. Is m a composite number?
True
Let o(a) = 1 - 2*a + 2 + 0. Suppose 17 = -4*f - r, 3*f + 27 = -4*r - 2. Is o(f) composite?
True
Let r(i) be the second derivative of 177*i**5/5 - i**4/12 + i**3/3 - 9*i. Is r(1) prime?
True
Suppose -3*w = -2*w. Let j = -1 - w. Is ((-3)/j)/6*38 a prime number?
True
Let h = 148 + 183. Is h composite?
False
Let i(l) = 9*l - 2. Is i(3) composite?
True
Let k be 24/(-18) + (-1)/(-3). Let p = k - -3. Suppose -22 = -p*o - 0*o. Is o a composite number?
False
Let k = -45 + 176. Is k prime?
True
Suppose 2*v - 125 = 353. Is v composite?
False
Suppose 3*s = l + 364, -3*s + 366 = l - 4*l. Is s a prime number?
False
Let o(q) = q**3 + 4*q**2 - 5*q - 2. Let x be o(-8). Let b = x + 429. Is b prime?
True
Let u(g) = 892*g**2 + 1. Is u(1) prime?
False
Let j = 10 - 8. Suppose 2*l = -g + 810, -j*l - 3*l = -g - 2039. Is l composite?
True
Suppose 3*a - 901 = -2*z + z, 5*z - 4539 = 2*a. Is z prime?
True
Let z(p) be the third derivative of 313*p**5/60 - p**4/24 - p**3/6 - 9*p**2. Is z(2) a composite number?
False
Let y(f) = 34*f**2 - 2*f - 2. Let j be y(-8). Let a = j + -937. Is a composite?
True
Let y(g) = 26*g**2 + 2*g + 11. Is y(-4) composite?
False
Let g = 46 - 80. Let q = 19 + g. Is (-267)/(-5) + 6/q a composite number?
False
Let f be 1 - -4 - (3 - 1). Suppose -f*v - 2*v = -475. Is v a composite number?
True
Suppose -n = -743 - 438. Is n a composite number?
False
Suppose 3*z - 602 = -m, m + z = 6*z + 562. Is m a composite number?
False
Suppose 3*o - 46 = -5*k + 106, -4*k = -4*o - 128. Is k a composite number?
False
Suppose 315 = -2*f - 3*f. Let i = 205 + -63. Let h = i + f. Is h a prime number?
True
Let m(c) = 2 - 2 - 5 - 3*c + 7*c + 20*c**2. Is m(4) a prime number?
True
Let u be 4/(-14) + 20/(-28). Let o be (1 - u)/((-2)/172). Let p = o - -287. Is p a composite number?
True
Suppose -2*m + 1272 = 2*u, 3*u - 3172 = -2*u + 3*m. Is u composite?
True
Let h = 110 - -341. Is h prime?
False
Let z(b) be the third derivative of -b**5/60 - b**4/24 + 329*b**3/6 + 7*b**2. Is z(0) a prime number?
False
Suppose 120 = -4*f - 24. Let o = f + 73. Is o a composite number?
False
Suppose 0 = -27*z + 34*z - 637. Is z a prime number?
False
Let f be (8/10)/(12/(-90)). Let n(g) = -15*g - 13. Is n(f) a prime number?
False
Let s be (12/(-8))/(2/(-4)). Let c be (1/s)/((-2)/(-12)). Suppose -k + 5 = j, -6*j = -c*j - 8. Is k a prime number?
True
Let z = 77 - -97. Suppose -r - 536 = -3*v - 0*r, v - z = 5*r. Is v a composite number?
False
Let i(h) = h**3 + 7*h**2 + 7*h + 9. Let z be i(-6). Suppose -8*v + 3*v + 415 = 5*f, 5*f - 407 = -z*v. Is f composite?
False
Let y = 66 + -112. Let t be y/6 - (-8)/12. Let b(n) = n**3 + 6*n**2 - 9*n - 4. Is b(t) prime?
False
Let i = 9 + -6. Suppose s - 882 = -3*s - 2*f, 0 = 3*s + i*f - 654. Is s prime?
True
Suppose 6*k - 18 + 6 = 0. Is k a composite number?
False
Let w(y) = 2*y**2 - 2*y - 1. Is w(3) a prime number?
True
Let w(f) = 7*f**2 + 3*f + 4. Let z be w(-3). Suppose -3*g = -z - 53. Is g composite?
False
Is (436 - -9) + 3 + -3 prime?
False
Let x(w) = -21*w - 38. Is x(-16) composite?
True
Let u(m) = m**2 - 7*m + 12. Let n(i) = 2*i**2 - 15*i + 24. Let o(l) = -6*n(l) + 13*u(l). Let j(w) = -1. Let s(h) = -j(h) + o(h). Is s(-11) prime?
False
Let w(u) = -u**3 - 5*u**2 - 2*u - 2. Let r be w(-2). Suppose t - 3*t - 10 = 0, -4*l - 4 = 4*t. Let y = l - r. Is y composite?
True
Let v = 3 - 3. Suppose v = 3*y - 2*y. Suppose l - 5 - 32 = y. Is l a composite number?
False
Suppose -11*s + 79761 = -0*s. Is s a composite number?
True
Let t(o) be the first derivative of o**4/4 - 5*o**3/3 + 9*o**2/2 - o + 5. Is t(6) composite?
False
Let z(b) = b**3 + b**2 + 7*b - 1. Is z(6) a composite number?
False
Let z(d) = -3*d. Let u be z(-6). Suppose 0 = 2*h + u - 128. Is h composite?
True
Let x(k) = k**3 + 9*k**2 + 7*k - 11. Let a be x(-8). Let l(f) = -5*f. Is l(a) a prime number?
False
Let f = -212 + 403. Is f prime?
True
Let p = -21 - -256. Is p composite?
True
Is (134/(-4))/((-25)/50) composite?
False
Let i = 69 - 21. Let a = i + 5. Is a a composite number?
False
Suppose 0*j + 2*j = 5*x + 64, 0 = 2*j - 3*x - 56. Is j prime?
False
Let x(v) = -v**3 - 7*v**2 - v - 3. Let z be x(-7). Suppose i - z*i = 90. Is (-4)/(-2) + (-1 - i) prime?
True
Let v = 155 + -104. Suppose -x + 5*x = 116. Let z = v - x. Is z a prime number?
False
Let c(g) be t